{"id":181,"date":"2019-03-20T14:43:52","date_gmt":"2019-03-20T12:43:52","guid":{"rendered":"http:\/\/www.densta.lt\/?page_id=181"},"modified":"2019-03-23T12:14:07","modified_gmt":"2019-03-23T10:14:07","slug":"automatiku-priedai","status":"publish","type":"page","link":"http:\/\/www.densta.lt\/index.php\/automatiku-priedai\/","title":{"rendered":"Automatik\u0173 priedai"},"content":{"rendered":"\n<p><strong>Nice &#8211; Fotoelementai EPM<\/strong><\/p>\n\n\n\n<div class=\"wp-block-image\"><figure class=\"alignleft\"><img loading=\"lazy\" decoding=\"async\" width=\"131\" height=\"194\" src=\"http:\/\/www.densta.lt\/wp-content\/uploads\/2019\/03\/epm_p1-1.png\" alt=\"\" class=\"wp-image-277\"\/><\/figure><\/div>\n\n\n\n<div class=\"wp-block-image\"><figure class=\"aligncenter\"><img loading=\"lazy\" decoding=\"async\" width=\"131\" height=\"194\" src=\"http:\/\/www.densta.lt\/wp-content\/uploads\/2019\/03\/epm_p1.png\" alt=\"\" class=\"wp-image-276\"\/><\/figure><\/div>\n\n\n\n<table class=\"wp-block-table\"><tbody><tr><td>Veikimo atstumas, m<\/td><td>30<\/td><\/tr><tr><td>Srov\u0117, mA<\/td><td>RX: 25 TX: 30<\/td><\/tr><tr><td>Maitinimas<\/td><td>12-24 VAC\/VDC<\/td><\/tr><tr><td>Apsaugos lygis (IP)<\/td><td>44<\/td><\/tr><tr><td>Veikimo temperat\u016bra, (\u00b0C Min\/Max)<\/td><td>-20\/+50<\/td><\/tr><tr><td>Mas\u0117, kg<\/td><td>0,14<\/td><\/tr><tr><td>Matmenys, mm<\/td><td>50x29x80<br><\/td><\/tr><\/tbody><\/table>\n\n\n\n<p><strong>Nice &#8211; Mirksintis \u0161vytur\u0117lis ELDC<\/strong><\/p>\n\n\n\n<figure class=\"wp-block-image\"><img loading=\"lazy\" decoding=\"async\" width=\"173\" height=\"200\" src=\"http:\/\/www.densta.lt\/wp-content\/uploads\/2019\/03\/el24_p1.jpg\" alt=\"\" class=\"wp-image-279\"\/><\/figure>\n\n\n\n<table class=\"wp-block-table\"><tbody><tr><td>Energijos suvartojimas<\/td><td>36 \/ 230 mA<\/td><\/tr><tr><td>Maitinimas<\/td><td>12-24 Vac\/Vdc<\/td><\/tr><tr><td>Apsaugos lygis (IP)<\/td><td>IP44<\/td><\/tr><tr><td>Veikimo temperat\u016bra, (\u00b0C Min\/Max)<\/td><td>-20\/+50<\/td><\/tr><tr><td>Matmenys, mm<\/td><td>132x72x155<\/td><\/tr><\/tbody><\/table>\n\n\n\n<p><strong>Nice &#8211; 2 kanal\u0173 pultelis FLO2RE<\/strong><\/p>\n\n\n\n<figure class=\"wp-block-image\"><img loading=\"lazy\" decoding=\"async\" width=\"157\" height=\"200\" src=\"http:\/\/www.densta.lt\/wp-content\/uploads\/2019\/03\/flo2re_p1.jpeg\" alt=\"\" class=\"wp-image-281\"\/><\/figure>\n\n\n\n<table class=\"wp-block-table\"><tbody><tr><td>Da\u017enis<\/td><td>433,92 MHz<\/td><\/tr><tr><td>Akumuliatorius<\/td><td>li\u010dio baterijos tipas CR2032<\/td><\/tr><tr><td>Srov\u0117, mA<\/td><td>25<\/td><\/tr><tr><td>Maitinimas<\/td><td>3Vdc<\/td><\/tr><tr><td>Apsaugos lygis (IP)<\/td><td>IP30<\/td><\/tr><tr><td>Mas\u0117, kg<\/td><td>0.055<\/td><\/tr><tr><td>Matmenys, mm<\/td><td>58x86x22<\/td><\/tr><\/tbody><\/table>\n\n\n\n<p>Darbus atliekame Klaipedoje ir visoje Klaipedos apskrityje. <br>Konsultacijos teikiamos nemokamai. Jei turite klausim\u0173, pra\u0161om susisiekti su mumis nurodytais kontaktais. <\/p>\n\n\n\n<ul class=\"wp-block-list\"><li>Tel. +37068528090<\/li><li>El. pa\u0161tas &#8211; nedas@densta.lt<\/li><li>Klaipeda ir Klaipedos raj.<\/li><\/ul>\n","protected":false},"excerpt":{"rendered":"<p>Nice &#8211; Fotoelementai EPM Veikimo atstumas, m 30 Srov\u0117, mA RX: 25 TX: 30 Maitinimas 12-24 VAC\/VDC Apsaugos lygis (IP) 44 Veikimo temperat\u016bra, (\u00b0C Min\/Max) -20\/+50 Mas\u0117, kg 0,14 Matmenys, mm 50x29x80 Nice &#8211; Mirksintis \u0161vytur\u0117lis<a class=\"moretag\" href=\"http:\/\/www.densta.lt\/index.php\/automatiku-priedai\/\">Read More&#8230;<\/a><\/p>\n","protected":false},"author":1,"featured_media":0,"parent":0,"menu_order":0,"comment_status":"closed","ping_status":"closed","template":"","meta":{"footnotes":""},"class_list":["post-181","page","type-page","status-publish","hentry"],"_links":{"self":[{"href":"http:\/\/www.densta.lt\/index.php\/wp-json\/wp\/v2\/pages\/181","targetHints":{"allow":["GET"]}}],"collection":[{"href":"http:\/\/www.densta.lt\/index.php\/wp-json\/wp\/v2\/pages"}],"about":[{"href":"http:\/\/www.densta.lt\/index.php\/wp-json\/wp\/v2\/types\/page"}],"author":[{"embeddable":true,"href":"http:\/\/www.densta.lt\/index.php\/wp-json\/wp\/v2\/users\/1"}],"replies":[{"embeddable":true,"href":"http:\/\/www.densta.lt\/index.php\/wp-json\/wp\/v2\/comments?post=181"}],"version-history":[{"count":4,"href":"http:\/\/www.densta.lt\/index.php\/wp-json\/wp\/v2\/pages\/181\/revisions"}],"predecessor-version":[{"id":283,"href":"http:\/\/www.densta.lt\/index.php\/wp-json\/wp\/v2\/pages\/181\/revisions\/283"}],"wp:attachment":[{"href":"http:\/\/www.densta.lt\/index.php\/wp-json\/wp\/v2\/media?parent=181"}],"curies":[{"name":"wp","href":"https:\/\/api.w.org\/{rel}","templated":true}]}}