{"id":170,"date":"2019-03-20T14:37:47","date_gmt":"2019-03-20T12:37:47","guid":{"rendered":"http:\/\/www.densta.lt\/?page_id=170"},"modified":"2019-03-21T14:31:59","modified_gmt":"2019-03-21T12:31:59","slug":"varteliai","status":"publish","type":"page","link":"http:\/\/www.densta.lt\/index.php\/varteliai\/","title":{"rendered":"Varteliai"},"content":{"rendered":"\n<p>Da\u017eniausiai \u0161alia kiemo vart\u0173 b\u016bna \u012frengiami ir varteliai. Varteliai yra gaminami pagal vart\u0173 model\u012f. Komplektuojami su reguliuojamais vyriais ir rakinama spyna.<\/p>\n\n\n\n<ul class=\"wp-block-gallery columns-3 is-cropped wp-block-gallery-1 is-layout-flex wp-block-gallery-is-layout-flex\"><li class=\"blocks-gallery-item\"><figure><img loading=\"lazy\" decoding=\"async\" width=\"576\" height=\"1024\" src=\"http:\/\/www.densta.lt\/wp-content\/uploads\/2019\/03\/20150728344-576x1024.jpg\" alt=\"\" data-id=\"212\" data-link=\"http:\/\/www.densta.lt\/20150728344\/\" class=\"wp-image-212\" srcset=\"http:\/\/www.densta.lt\/wp-content\/uploads\/2019\/03\/20150728344-576x1024.jpg 576w, http:\/\/www.densta.lt\/wp-content\/uploads\/2019\/03\/20150728344-169x300.jpg 169w, http:\/\/www.densta.lt\/wp-content\/uploads\/2019\/03\/20150728344-768x1365.jpg 768w, http:\/\/www.densta.lt\/wp-content\/uploads\/2019\/03\/20150728344.jpg 1440w\" sizes=\"auto, (max-width: 576px) 100vw, 576px\" \/><\/figure><\/li><li class=\"blocks-gallery-item\"><figure><img loading=\"lazy\" decoding=\"async\" width=\"1024\" height=\"576\" src=\"http:\/\/www.densta.lt\/wp-content\/uploads\/2019\/03\/20150605337-1024x576.jpg\" alt=\"\" data-id=\"210\" data-link=\"http:\/\/www.densta.lt\/20150605337\/\" class=\"wp-image-210\" srcset=\"http:\/\/www.densta.lt\/wp-content\/uploads\/2019\/03\/20150605337-1024x576.jpg 1024w, http:\/\/www.densta.lt\/wp-content\/uploads\/2019\/03\/20150605337-300x169.jpg 300w, http:\/\/www.densta.lt\/wp-content\/uploads\/2019\/03\/20150605337-768x432.jpg 768w\" sizes=\"auto, (max-width: 1024px) 100vw, 1024px\" \/><\/figure><\/li><li class=\"blocks-gallery-item\"><figure><img loading=\"lazy\" decoding=\"async\" width=\"1024\" height=\"576\" src=\"http:\/\/www.densta.lt\/wp-content\/uploads\/2019\/03\/20130422154-1024x576.jpg\" alt=\"\" data-id=\"95\" data-link=\"http:\/\/www.densta.lt\/?attachment_id=95\" class=\"wp-image-95\" srcset=\"http:\/\/www.densta.lt\/wp-content\/uploads\/2019\/03\/20130422154-1024x576.jpg 1024w, http:\/\/www.densta.lt\/wp-content\/uploads\/2019\/03\/20130422154-300x169.jpg 300w, http:\/\/www.densta.lt\/wp-content\/uploads\/2019\/03\/20130422154-768x432.jpg 768w\" sizes=\"auto, (max-width: 1024px) 100vw, 1024px\" \/><\/figure><\/li><li class=\"blocks-gallery-item\"><figure><img loading=\"lazy\" decoding=\"async\" width=\"1024\" height=\"576\" src=\"http:\/\/www.densta.lt\/wp-content\/uploads\/2019\/03\/20150826352-1024x576.jpg\" alt=\"\" data-id=\"62\" data-link=\"http:\/\/www.densta.lt\/20150826352\/\" class=\"wp-image-62\" srcset=\"http:\/\/www.densta.lt\/wp-content\/uploads\/2019\/03\/20150826352-1024x576.jpg 1024w, http:\/\/www.densta.lt\/wp-content\/uploads\/2019\/03\/20150826352-300x169.jpg 300w, http:\/\/www.densta.lt\/wp-content\/uploads\/2019\/03\/20150826352-768x432.jpg 768w\" sizes=\"auto, (max-width: 1024px) 100vw, 1024px\" \/><\/figure><\/li><li class=\"blocks-gallery-item\"><figure><img loading=\"lazy\" decoding=\"async\" width=\"576\" height=\"1024\" src=\"http:\/\/www.densta.lt\/wp-content\/uploads\/2019\/03\/20130513178-576x1024.jpg\" alt=\"\" data-id=\"97\" data-link=\"http:\/\/www.densta.lt\/?attachment_id=97\" class=\"wp-image-97\" srcset=\"http:\/\/www.densta.lt\/wp-content\/uploads\/2019\/03\/20130513178-576x1024.jpg 576w, http:\/\/www.densta.lt\/wp-content\/uploads\/2019\/03\/20130513178-169x300.jpg 169w, http:\/\/www.densta.lt\/wp-content\/uploads\/2019\/03\/20130513178-768x1365.jpg 768w, http:\/\/www.densta.lt\/wp-content\/uploads\/2019\/03\/20130513178.jpg 1440w\" sizes=\"auto, (max-width: 576px) 100vw, 576px\" \/><\/figure><\/li><\/ul>\n\n\n\n<p style=\"text-align:left\">  <br>Darbus atliekame Klaipedoje ir visoje Klaipedos apskrityje.\u00a0<br>Konsultacijos teikiamos nemokamai. Jei turite klausim\u0173, pra\u0161om susisiekti su mumis nurodytais kontaktais. <\/p>\n\n\n\n<ul class=\"wp-block-list\"><li>Tel. +37068528090<\/li><li>El. pa\u0161tas &#8211; nedas@densta.lt<\/li><li>Klaipeda ir Klaipedos raj.<\/li><\/ul>\n","protected":false},"excerpt":{"rendered":"<p>Da\u017eniausiai \u0161alia kiemo vart\u0173 b\u016bna \u012frengiami ir varteliai. Varteliai yra gaminami pagal vart\u0173 model\u012f. Komplektuojami su reguliuojamais vyriais ir rakinama spyna. Darbus atliekame Klaipedoje ir visoje Klaipedos apskrityje.\u00a0Konsultacijos teikiamos nemokamai. Jei turite klausim\u0173, pra\u0161om susisiekti su<a class=\"moretag\" href=\"http:\/\/www.densta.lt\/index.php\/varteliai\/\">Read More&#8230;<\/a><\/p>\n","protected":false},"author":1,"featured_media":0,"parent":0,"menu_order":0,"comment_status":"closed","ping_status":"closed","template":"","meta":{"footnotes":""},"class_list":["post-170","page","type-page","status-publish","hentry"],"_links":{"self":[{"href":"http:\/\/www.densta.lt\/index.php\/wp-json\/wp\/v2\/pages\/170","targetHints":{"allow":["GET"]}}],"collection":[{"href":"http:\/\/www.densta.lt\/index.php\/wp-json\/wp\/v2\/pages"}],"about":[{"href":"http:\/\/www.densta.lt\/index.php\/wp-json\/wp\/v2\/types\/page"}],"author":[{"embeddable":true,"href":"http:\/\/www.densta.lt\/index.php\/wp-json\/wp\/v2\/users\/1"}],"replies":[{"embeddable":true,"href":"http:\/\/www.densta.lt\/index.php\/wp-json\/wp\/v2\/comments?post=170"}],"version-history":[{"count":3,"href":"http:\/\/www.densta.lt\/index.php\/wp-json\/wp\/v2\/pages\/170\/revisions"}],"predecessor-version":[{"id":265,"href":"http:\/\/www.densta.lt\/index.php\/wp-json\/wp\/v2\/pages\/170\/revisions\/265"}],"wp:attachment":[{"href":"http:\/\/www.densta.lt\/index.php\/wp-json\/wp\/v2\/media?parent=170"}],"curies":[{"name":"wp","href":"https:\/\/api.w.org\/{rel}","templated":true}]}}