{"id":168,"date":"2019-03-20T14:37:28","date_gmt":"2019-03-20T12:37:28","guid":{"rendered":"http:\/\/www.densta.lt\/?page_id=168"},"modified":"2019-03-27T09:45:48","modified_gmt":"2019-03-27T07:45:48","slug":"varstomi-kiemo-vartai","status":"publish","type":"page","link":"http:\/\/www.densta.lt\/index.php\/varstomi-kiemo-vartai\/","title":{"rendered":"Varstomi kiemo vartai"},"content":{"rendered":"\n<p> Varstomi, atveriami kiemo vartai yra montuojami ant stulp\u0173. Varstomi vartai gali atsidaryti \u012f kiemo vid\u0173 arba \u012f i\u0161or\u0119 arba viena var\u010dia gali atsidaryti \u012f vid\u0173, o kita \u2013 \u012f i\u0161or\u0119. Varstomi vartai gali b\u016bti sudaryti i\u0161 vienos ar dviej\u0173 dali\u0173. Gaminame, projektuojame ir montuojame varstomus vartus pagal klient\u0173 poreikius ir matmenis.  <\/p>\n\n\n\n<ul class=\"wp-block-gallery aligncenter columns-3 is-cropped wp-block-gallery-1 is-layout-flex wp-block-gallery-is-layout-flex\"><li class=\"blocks-gallery-item\"><figure><img loading=\"lazy\" decoding=\"async\" width=\"1024\" height=\"768\" src=\"http:\/\/www.densta.lt\/wp-content\/uploads\/2019\/03\/20160629_150304-1024x768.jpg\" alt=\"\" data-id=\"202\" class=\"wp-image-202\" srcset=\"http:\/\/www.densta.lt\/wp-content\/uploads\/2019\/03\/20160629_150304-1024x768.jpg 1024w, http:\/\/www.densta.lt\/wp-content\/uploads\/2019\/03\/20160629_150304-300x225.jpg 300w, http:\/\/www.densta.lt\/wp-content\/uploads\/2019\/03\/20160629_150304-768x576.jpg 768w, http:\/\/www.densta.lt\/wp-content\/uploads\/2019\/03\/20160629_150304.jpg 2016w\" sizes=\"auto, (max-width: 1024px) 100vw, 1024px\" \/><\/figure><\/li><li class=\"blocks-gallery-item\"><figure><img loading=\"lazy\" decoding=\"async\" width=\"1024\" height=\"576\" src=\"http:\/\/www.densta.lt\/wp-content\/uploads\/2019\/03\/20150324321-1-1024x576.jpg\" alt=\"\" data-id=\"228\" data-link=\"http:\/\/www.densta.lt\/index.php\/varstomi-kiemo-vartai\/20150324321-2\/\" class=\"wp-image-228\" srcset=\"http:\/\/www.densta.lt\/wp-content\/uploads\/2019\/03\/20150324321-1-1024x576.jpg 1024w, http:\/\/www.densta.lt\/wp-content\/uploads\/2019\/03\/20150324321-1-300x169.jpg 300w, http:\/\/www.densta.lt\/wp-content\/uploads\/2019\/03\/20150324321-1-768x432.jpg 768w\" sizes=\"auto, (max-width: 1024px) 100vw, 1024px\" \/><\/figure><\/li><li class=\"blocks-gallery-item\"><figure><img loading=\"lazy\" decoding=\"async\" width=\"1024\" height=\"576\" src=\"http:\/\/www.densta.lt\/wp-content\/uploads\/2019\/03\/20141112296-1-1024x576.jpg\" alt=\"\" data-id=\"314\" data-link=\"http:\/\/www.densta.lt\/index.php\/varstomi-kiemo-vartai\/20141112296-2\/\" class=\"wp-image-314\" srcset=\"http:\/\/www.densta.lt\/wp-content\/uploads\/2019\/03\/20141112296-1-1024x576.jpg 1024w, http:\/\/www.densta.lt\/wp-content\/uploads\/2019\/03\/20141112296-1-300x169.jpg 300w, http:\/\/www.densta.lt\/wp-content\/uploads\/2019\/03\/20141112296-1-768x432.jpg 768w\" sizes=\"auto, (max-width: 1024px) 100vw, 1024px\" \/><\/figure><\/li><\/ul>\n\n\n\n<p>Darbus atliekame Klaipedoje ir visoje Klaipedos apskrityje. <br>Konsultacijos teikiamos nemokamai. Jei turite klausim\u0173, pra\u0161om susisiekti su mumis nurodytais kontaktais.  <\/p>\n\n\n\n<ul class=\"wp-block-list\"><li>Tel. +37068528090<\/li><li>El. pa\u0161tas &#8211; nedas@densta.lt<\/li><li>Klaipeda ir Klaipedos raj.<\/li><li><\/li><\/ul>\n","protected":false},"excerpt":{"rendered":"<p>Varstomi, atveriami kiemo vartai yra montuojami ant stulp\u0173. Varstomi vartai gali atsidaryti \u012f kiemo vid\u0173 arba \u012f i\u0161or\u0119 arba viena var\u010dia gali atsidaryti \u012f vid\u0173, o kita \u2013 \u012f i\u0161or\u0119. Varstomi vartai gali b\u016bti sudaryti i\u0161<a class=\"moretag\" href=\"http:\/\/www.densta.lt\/index.php\/varstomi-kiemo-vartai\/\">Read More&#8230;<\/a><\/p>\n","protected":false},"author":1,"featured_media":0,"parent":0,"menu_order":0,"comment_status":"closed","ping_status":"closed","template":"","meta":{"footnotes":""},"class_list":["post-168","page","type-page","status-publish","hentry"],"_links":{"self":[{"href":"http:\/\/www.densta.lt\/index.php\/wp-json\/wp\/v2\/pages\/168","targetHints":{"allow":["GET"]}}],"collection":[{"href":"http:\/\/www.densta.lt\/index.php\/wp-json\/wp\/v2\/pages"}],"about":[{"href":"http:\/\/www.densta.lt\/index.php\/wp-json\/wp\/v2\/types\/page"}],"author":[{"embeddable":true,"href":"http:\/\/www.densta.lt\/index.php\/wp-json\/wp\/v2\/users\/1"}],"replies":[{"embeddable":true,"href":"http:\/\/www.densta.lt\/index.php\/wp-json\/wp\/v2\/comments?post=168"}],"version-history":[{"count":8,"href":"http:\/\/www.densta.lt\/index.php\/wp-json\/wp\/v2\/pages\/168\/revisions"}],"predecessor-version":[{"id":316,"href":"http:\/\/www.densta.lt\/index.php\/wp-json\/wp\/v2\/pages\/168\/revisions\/316"}],"wp:attachment":[{"href":"http:\/\/www.densta.lt\/index.php\/wp-json\/wp\/v2\/media?parent=168"}],"curies":[{"name":"wp","href":"https:\/\/api.w.org\/{rel}","templated":true}]}}